t is w(-1)?
34
Let z(k) = k**3 + 9*k**2 - 8*k + 11. What is z(-10)?
-9
Let r(p) = p**3 - 15*p**2 - 16*p + 1. Give r(16).
1
Let l(v) = -v**3 - 10*v**2 - 10*v + 7. Give l(-7).
-70
Let y(h) = h**3 + 16*h**2 + 4*h + 53. Calculate y(-16).
-11
Let l(s) = -4*s - 97. What is l(-24)?
-1
Let s(a) = -a**2 - 18*a - 22. Determine s(-17).
-5
Let f(g) = -2*g**2 - 8*g - 6. Calculate f(-7).
-48
Let o(n) = 5*n**2 - 10*n + 1. Calculate o(-2).
41
Let q(t) = t**2 - 8*t + 14. Give q(3).
-1
Let f(n) = -4*n**2 + 12*n + 25. Determine f(7).
-87
Let r(z) = -3*z**2 + 2*z + 9. Calculate r(-2).
-7
Let g(p) = p**3 - 4*p**2 - 4*p + 2. Calculate g(5).
7
Let c(n) = n**3 - 11*n**2 + 23*n + 7. Give c(8).
-1
Let s(c) = 4*c**2 - 18*c + 9. What is s(6)?
45
Let t(m) = m**2 + 2. Determine t(-2).
6
Let z(x) = x**2 + 24*x + 34. Determine z(-25).
59
Let h(o) = o**3 - 7*o**2 - 15*o - 15. What is h(9)?
12
Let w(l) = l**2 - 39*l + 171. Calculate w(5).
1
Let w(b) = b**3 + 12*b**2 - 32*b - 58. Determine w(-14).
-2
Let u(r) = r**3 - 7*r**2 + 8*r - 25. Give u(4).
-41
Let m(j) = j**2 + 3*j - 23. Calculate m(0).
-23
Let j(x) = -x**3 - 9*x**2 - 19*x - 29. Determine j(-7).
6
Let n(d) = -47*d. Give n(1).
-47
Let f(i) = -3*i + 2. Calculate f(-6).
20
Let a(d) = 2*d**2 + 20*d + 14. Calculate a(-9).
-4
Let z(l) = -l**2 - 17*l - 68. Determine z(-8).
4
Let l(n) = n - 9. Calculate l(3).
-6
Let h(x) = 7*x + 8. What is h(-4)?
-20
Let z(i) = -i**3 + 54*i**2 + 3*i - 177. Calculate z(54).
-15
Let g(r) = -9*r + 118. Give g(12).
10
Let f(u) = -2*u**2 - 4*u - 3. What is f(-4)?
-19
Let i(n) = n**3 + 18*n**2 + 14*n. Calculate i(-17).
51
Let t(h) = h**3 - 15*h**2 - 17*h + 16. Give t(16).
0
Let l(y) = -7*y**2 + 2*y + 5. Determine l(4).
-99
Let a(c) = -3*c**2 + c + 6. Determine a(3).
-18
Let o(t) = t**3 - 2*t**2 - 5*t - 7. Give o(3).
-13
Let f(n) = 2*n**3 + 9*n**2 + 4*n. What is f(-4)?
0
Let b(a) = 5*a**2 - 90*a + 6. Give b(18).
6
Let x(f) = 2*f + 21. Determine x(-17).
-13
Let l(t) = -2*t**2 - 18*t + 20. Give l(6).
-160
Let i(t) = t**3 - t**2 - 2*t + 56. Calculate i(0).
56
Let a(d) = -8*d**3 + 7*d - 5. Determine a(2).
-55
Let s(h) = 11*h + 205. Give s(-19).
-4
Let s(a) = 47*a + 573. Calculate s(-12).
9
Let c(p) = -p**2 + 3*p + 18. Calculate c(9).
-36
Let u(w) = -4*w + 87. Give u(18).
15
Let p(t) = 2*t**2 - 21*t + 9. Give p(9).
-18
Let c(z) = z**2 - 21*z + 14. Calculate c(15).
-76
Let h(b) = -29*b - 35. Determine h(-5).
110
Let u(k) = -8*k + 1. Calculate u(1).
-7
Let o(p) = -3*p**2 - 24*p + 10. Calculate o(-9).
-17
Let r(i) = -35*i**3 + 2*i**2 - 3*i + 1. Determine r(1).
-35
Let n(b) = -b + 18. Calculate n(15).
3
Let l(v) = -21*v - 164. Calculate l(-8).
4
Let y(n) = -2*n**2 - 13*n - 16. Give y(-5).
-1
Let p(n) = n**2 - 9*n - 20. Calculate p(12).
16
Let s(t) = t**3 - 11*t**2 - 14*t + 15. Determine s(12).
-9
Let b(q) = -q**3 + 19*q**2 + 41*q + 25. Calculate b(21).
4
Let g(u) = u**3 + 6*u**2 - 13*u - 5. Give g(-8).
-29
Let k(i) = -2*i**2 + 5*i + 8. Calculate k(6).
-34
Let j(a) = -a**3 - 10*a**2 - 8*a + 3. Calculate j(-8).
-61
Let p(w) = -2*w**2 - 11*w + 27. What is p(-8)?
-13
Let v(g) = -5*g**2 + 4*g - 2. Determine v(2).
-14
Let o(f) = f**2 - 10*f - 5. Give o(11).
6
Let u(x) = -x**3 + 20*x**2 - 2*x + 19. Calculate u(20).
-21
Let n(p) = -p**2 - 3. Calculate n(-2).
-7
Let j(w) = -6*w**2 - 3*w + 2. Calculate j(1).
-7
Let a(y) = -11*y + 11. Determine a(-3).
44
Let b(n) = 20*n + 55. Calculate b(0).
55
Let a(q) = -q + 10. Determine a(-6).
16
Let g(x) = -7*x - 1. Determine g(-1).
6
Let r(g) = -g**3 - 2*g**2 + 45*g - 19. Calculate r(-8).
5
Let a(k) = -k**2 - 6*k - 1. Determine a(-5).
4
Let b(l) = 8*l**3 - l**2 + 2. Calculate b(1).
9
Let w(b) = b**2 - 31*b + 165. Determine w(7).
-3
Let f(o) = -o**2 + 12*o - 7. What is f(9)?
20
Let p(q) = -9*q - 42. What is p(8)?
-114
Let o(g) = -g**3 + 12*g**2 - 9*g - 20. Determine o(11).
2
Let x(c) = c + 12. Calculate x(-5).
7
Let c(y) = -y - 27. Determine c(-12).
-15
Let i(y) = y**3 + 17*y**2 - 19*y - 2. Calculate i(-18).
16
Let s(m) = -2*m**2 + 9*m + 22. Give s(7).
-13
Let t(b) = -b**3 + 28*b**2 - 24*b - 75. What is t(27)?
6
Let v(x) = 13*x - 32. What is v(3)?
7
Let q(n) = -6*n + 63. What is q(9)?
9
Let p(r) = -r**2 + 18*r + 24. What is p(20)?
-16
Let u(n) = -n**3 + 4*n**2 - 17*n + 45. Give u(3).
3
Let x(c) = 2*c**3 - 55*c**2 + 21*c + 162. What is x(27)?
0
Let q(r) = -r**3 + 9*r**2 - 11*r + 9. Give q(8).
-15
Let d(h) = -42*h**3 + 3*h + 2. What is d(-1)?
41
Let r(k) = k**3 - 4*k**2 - k - 5. What is r(5)?
15
Let z(k) = k**2 + 7*k + 8. Calculate z(-7).
8
Let v(a) = 2*a**3 + 7*a**2 - 2*a + 5. What is v(-4)?
-3
Let y(o) = -11*o + 5. What is y(2)?
-17
Let d(h) = -h**2 + 10*h + 10. What is d(10)?
10
Let z(v) = -90*v - 1. Determine z(-1).
89
Let y(o) = -5*o + 34. What is y(5)?
9
Let z(c) = c**3 - 17*c**2 - 19*c + 12. Give z(18).
-6
Let y(p) = -p**3 + 7*p**2 - 6*p + 3. What is y(5)?
23
Let p(t) = t**2 + 27*t + 33. Give p(-26).
7
Let n(k) = k**3 - 12*k**2 - 2*k + 18. Give n(12).
-6
Let n(c) = c - 7. Calculate n(6).
-1
Let m(l) = 58*l - 174. Give m(3).
0
Let z(m) = -2*m**3 - 18*m**2 - 15*m + 9. Give z(-8).
1
Let r(t) = -t**2 + t + 7. Calculate r(7).
-35
Let w(i) = i**3 + 5*i**2 + 8*i + 42. Determine w(-5).
2
Let d(l) = 2*l**2 + 2*l - 7. What is d(0)?
-7
Let p(j) = 3*j + 8. Calculate p(10).
38
Let o(r) = -r - 2. Give o(7).
-9
Let c(u) = -2*u**2 - 29*u - 14. Determine c(-14).
0
Let d(t) = 6*t + 1. Calculate d(1).
7
Let g(q) = -q**3 + q + 17. Give g(0).
17
Let k(h) = -h + 5. Determine k(-2).
7
Let h(q) = -2*q - 43. Give h(-18).
-7
Let i(f) = 4*f**2 + 26*f + 12. What is i(-6)?
0
Let k(r) = 75*r**3 - r**2 + r - 1. Calculate k(1).
74
Let f(g) = -g**3 - 4*g**2 + 9*g + 7. Give f(-5).
-13
Let h(q) = 3*q + 47. Give h(-17).
-4
Let p(b) = -14*b + 67. Calculate p(7).
-31
Let d(c) = -c**3 + 8*c**2 + 6*c - 4. Give d(8).
44
Let y(b) = 3*b - 18. Calculate y(7).
3
Let w(t) = 2*t - 8. Determine w(7).
6
Let k(b) = -b**3 + b**2 - 2*b + 2. What is k(2)?
-6
Let a(t) = -6*t**2 - 1. Calculate a(-1).
-7
Let z(w) = w**3 + 9*w**2 + 3*w - 1. Give z(-9).
-28
Let z(q) = q**2 - 20*q + 17. Calculate z(19).
-2
Let t(o) = -11*o**2 + 2*o + 2. Determine t(2).
-38
Let f(n) = n**3 - 7*n**2 + 10*n + 2. What is f(2)?
2
Let b(w) = 13*w - 11. Give b(2).
15
Let w(c) = -9*c - 94. Determine w(-10).
-4
Let q(n) = n**2 + 62*n + 959. Determine q(-33).
2
Let y(o) = 3*o**3 + 49*o**2 - 33*o + 18. Calculate y(-17).
1
Let x(n) = n**3 + 5*n**2 - 2*n + 2. Give x(-4).
26
Let g(d) = d**3 + d**2 - 5*d - 5. What is g(-3)?
-8
Let h(j) = j**2 + 7*j + 7. Give h(-12).
67
Let d(r) = 11*r**3 + r**2 - r + 1. What is d(1)?
12
Let p(d) = -d**2 + 13*d - 21. Calculate p(11).
1
Let k(b) = -b**2 - 142*b + 730. Calculate k(5).
-5
Let x(v) = -9*v**2 + 2*v - 3. What is x(-2)?
-43
Let x(c) = -c**3 - 2*c**2 - 7*c - 7. Calculate x(-2).
7
Let d(x) = -2*x - 18. Calculate d(-6).
-6
Let x(y) = 56*y + 285. Give x(-5).
5
Let h(s) = 3*s**2 - 26*s - 4. What is h(9)?
5
Let h(a) = 34*a - 2. What is h(-1)?
-36
Let s(j) = -19*j**2 + 75*j - 4. Give s(4).
-8
Let c(p) = 4*p**2 + 7*p - 1. Determine c(1).
10
Let l(b) = 2*b**2 + 17*b + 30. Determine l(-4).
-6
Let c(f) = -2*f - 8. Give c(-8).
8
Let a(h) = 3*h**2 + 31*h - 21. Calculate a(-11).
1
Let j(i) = -270*i + 1350. Give j(5).
0
Let m(b) = b**3 + 35*b**2 - 7*b - 243. Calculate m(-35).
2
Let m(n) = -2*n - 22. Calculate m(-5).
-12
Let k(o) = -3*o**3 + 8*o - 12. Give k(2).
-20
Let m(b) = b**3 - 10*b**2 - 47*b + 41. What is m(13)?
-63
Let y(u) = 3*u**2 - 17*u + 3. What is y(5)?
-7
Let g(h) = -4*h - 52. What is g(-9)?
-16
Let w(l) = 8*l + 1. Give w(2).
17
Let a(s) = -10*s + 2. Determine a(-1).
12
Let x(m) = -m**3 - 13*m**2 + 2*m + 16. Determine x(-13).
-10
Let p(n) = -n**3 + 10*n**2 - 3*n + 8. What is p(10)?
-22
Let s(o) = -98*o - 7. Give s(1).
-105
Let c(t) = 4*t + 49. Give c(-11).
5
Let j(x) = 2*x**2 - 4*x + 5. Give j(3).
11
Let g(d) = 11*d + 19. Give g(-6).
-47
Let c(h) = h - 4. What is c(8)?
4
Let c(v) = -2*v - 3. What is c(-5)?
7
Let v(k) = k**2 - 8*k + 8. What is v(8)?
8
Let p(k) = k**3 - 4*k**2 - 7*k + 7. Determine p(5).
-3
Let y(z) = z**3 - z**2 + z + 36. Determine y(0).
36
Let i(t) = -t**3 - 4*t**2 + 5*t + 11. Determine i(-5).
11
Let m(j) = j**2 + 12*j - 32. Determine m(-14).
-4
Let n(h) = -h**3 + 6*h - 5. Calculate n(2).
-1
Let b(c) = c**